*j + 21. Determine f(4).
-35
Let o(i) = 37472*i + 19073242. What is o(-509)?
-6
Let f(k) = -1656*k + 581256. What is f(351)?
0
Let t(q) = -3*q**3 + 177*q**2 + 816*q - 48202. Calculate t(59).
-58
Let y(q) = 143*q + 374. Calculate y(-3).
-55
Let v(p) = p**3 - 18*p**2 + 53*p + 52. Give v(-12).
-4904
Let a(j) = j**3 + 45*j**2 + 179*j - 73. Give a(-6).
257
Let o(m) = 2470*m + 1957. Determine o(-2).
-2983
Let s(p) = 11*p**2 + 4567*p - 45970. Determine s(-425).
-70
Let c(x) = -2*x**3 - 121*x**2 - 1580*x - 12. Give c(-19).
45
Let i(y) = -14242*y**2 - 14191*y + 58. What is i(-1)?
7
Let n(o) = 16*o**3 + 180*o**2 + 19*o + 33. What is n(-11)?
308
Let t(v) = 12*v**3 + 179*v**2 - 210*v - 2933. Determine t(-15).
-8
Let h(a) = -a**3 - 58*a**2 - 715*a - 739. Determine h(-41).
-1
Let n(t) = 177*t - 694. Give n(4).
14
Let l(k) = 5881*k + 205851. Determine l(-35).
16
Let g(m) = 4*m**2 + 15769*m + 47303. Give g(-3).
32
Let h(v) = 10*v**3 + 163*v**2 + 440*v + 44. What is h(-13)?
-99
Let c(y) = -78*y**2 + 1826*y + 9117. What is c(-5)?
-1963
Let d(q) = -128621*q - 3601384. Determine d(-28).
4
Let l(i) = 2*i**3 - 33*i**2 - 120*i + 85. Calculate l(21).
1534
Let y(l) = l**3 - 10*l**2 - 68*l + 453. Calculate y(-7).
96
Let f(p) = -437*p - 1366. Determine f(-5).
819
Let f(n) = -3*n**2 - 1994*n - 138297. Determine f(-586).
-1
Let d(s) = -709*s**3 + 4*s**2 - 77*s - 78. Determine d(-1).
712
Let m(b) = -b**3 + 251*b**2 - 15414*b + 8816. What is m(105)?
-4
Let l(c) = 29518*c + 59141. Determine l(-2).
105
Let x(a) = a**3 + 109*a**2 + 2930*a - 1. What is x(-49)?
489
Let o(a) = 5*a**2 + 2350*a - 488273. Give o(-626).
7
Let b(t) = 12*t**3 + 90*t**2 - 118*t + 405. What is b(-9)?
9
Let g(f) = -7*f**3 - 398*f**2 - 5656*f - 2. What is g(-28)?
-2
Let l(w) = 4*w**3 + 47*w**2 - 2*w - 248. Determine l(-7).
697
Let q(i) = 2493*i - 67338. Calculate q(27).
-27
Let h(d) = -1149*d - 10509. Give h(-9).
-168
Let s(i) = 3*i**2 - 65*i - 1201. Calculate s(8).
-1529
Let r(m) = -4*m**3 - 186*m**2 + 1470*m - 4. Calculate r(7).
-200
Let o(s) = -7*s**2 + 974*s + 5847. Calculate o(-6).
-249
Let f(n) = 7*n**3 + 2*n**2 + 2304*n + 2303. Give f(-1).
-6
Let y(r) = -2*r**3 - 70*r**2 - 137*r - 1. Determine y(-2).
9
Let l(x) = x**2 - 1148*x + 329182. Give l(557).
-5
Let m(g) = 404*g - 107670. Give m(263).
-1418
Let t(z) = 39170*z + 1057687. What is t(-27)?
97
Let q(o) = -2193*o + 37148. Give q(16).
2060
Let v(p) = 4*p**3 + 53*p**2 - 8806*p - 205. What is v(-54)?
11
Let d(x) = -117259*x - 703468. Calculate d(-6).
86
Let z(p) = 10*p**2 - 497*p - 681. Calculate z(54).
1641
Let k(n) = n**3 + 77*n**2 + 232*n + 18189. What is k(-77)?
325
Let s(k) = -2*k**3 + 66*k**2 - 492*k + 146. Calculate s(7).
-750
Let j(h) = -776*h - 157475. What is j(-203)?
53
Let h(y) = -5498*y - 32278. Calculate h(-5).
-4788
Let q(b) = 14*b**2 - b - 516. What is q(0)?
-516
Let t(o) = 199134*o - 15134183. Determine t(76).
1
Let m(k) = 15426*k + 2437284. What is m(-158)?
-24
Let g(y) = -10174*y + 508671. What is g(50)?
-29
Let n(f) = 3*f**3 - 86*f**2 + 614*f - 21. What is n(14)?
-49
Let o(g) = -4*g**2 - 1490*g + 10468. Determine o(7).
-158
Let o(c) = -5*c**2 + 1152*c - 16505. Determine o(15).
-350
Let f(g) = -12*g**2 - 646*g - 6374. Calculate f(-41).
-60
Let k(y) = 22*y**2 - 852*y - 853. Give k(-1).
21
Let c(v) = v**2 + 371*v - 37711. What is c(-454)?
-29
Let k(n) = -n**3 - 135*n**2 - 762*n + 1408. Calculate k(-129).
-140
Let q(p) = 34*p**3 - 629*p**2 + 309*p - 113. Calculate q(18).
-59
Let a(w) = -101*w**2 + 20814*w - 1649. Calculate a(206).
-1
Let w(s) = -54*s**3 - 13*s**2 + 65*s + 78. Give w(-1).
54
Let q(x) = x**3 - 242*x**2 + 983*x - 63562. Calculate q(239).
12
Let q(s) = -26*s**2 - 759*s - 39. What is q(-29)?
106
Let h(l) = 624*l - 12730. Give h(21).
374
Let o(t) = 266*t + 492. Calculate o(-5).
-838
Let c(y) = -141*y**2 - 346*y - 1778. Determine c(-5).
-3573
Let w(m) = 11*m - 316. Give w(23).
-63
Let v(x) = 6065*x - 2377454. Determine v(392).
26
Let q(a) = -1252*a - 24976. What is q(-19)?
-1188
Let t(f) = f**2 - 11066*f + 1389258. Determine t(127).
5
Let y(g) = -23*g**2 - 72*g + 37. Determine y(-6).
-359
Let o(x) = -10*x**3 - 18*x**2 + 124*x - 12. What is o(6)?
-2076
Let w(i) = -1936*i + 329119. Calculate w(170).
-1
Let s(l) = 87*l - 842. Give s(4).
-494
Let y(i) = -48*i + 14732. Calculate y(307).
-4
Let y(m) = -11*m**2 + 454*m - 31. What is y(39)?
944
Let w(c) = -5094*c - 5095. What is w(-1)?
-1
Let r(u) = -u**2 + 6628*u - 6631212. Determine r(1228).
-12
Let v(y) = y**3 - 4*y**2 - 14*y + 185. Calculate v(8).
329
Let y(k) = 5*k**2 + 2295*k - 50347. What is y(-480)?
53
Let t(a) = 692*a - 7243. Calculate t(9).
-1015
Let o(s) = -s**3 + 248*s**2 - 1154*s + 162849. Determine o(246).
-3
Let u(j) = 16*j**2 + 3613*j - 644. Give u(-226).
34
Let d(b) = -17*b - 562. Determine d(8).
-698
Let b(i) = -18*i**2 + 532*i - 1693. What is b(26)?
-29
Let u(w) = -11*w**2 - 4916*w - 313305. Determine u(-77).
8
Let b(a) = 4852*a + 4265. What is b(-1)?
-587
Let i(j) = j**2 + 3674*j + 2084067. What is i(-701)?
-6
Let h(z) = -461*z + 13248. What is h(28)?
340
Let c(a) = 10*a**2 + 15940*a + 15933. Give c(-1).
3
Let p(v) = -6764*v**2 - 94678*v + 22. Give p(-14).
-230
Let m(y) = 13*y**2 - 17*y + 36. What is m(2)?
54
Let n(x) = 2*x**3 - 178*x**2 + 178*x - 167. What is n(88)?
9
Let f(u) = -2402*u - 309841. Determine f(-129).
17
Let n(q) = 77*q**3 - 150*q**2 + 23*q - 12. Give n(2).
50
Let o(y) = 152*y + 5810. What is o(-35)?
490
Let w(o) = 18708*o + 318264. What is w(-17)?
228
Let y(c) = 460425*c + 920886. Give y(-2).
36
Let b(j) = -61153*j + 489239. What is b(8)?
15
Let i(t) = -284*t**3 - 8*t**2 - 10*t + 10. Determine i(2).
-2314
Let w(o) = 10225*o - 286296. What is w(28)?
4
Let k(d) = -d**3 - 1072*d**2 - 66403*d - 7033. Give k(-1006).
9
Let o(b) = b**3 - 63*b**2 + 794*b + 77. Calculate o(17).
281
Let s(k) = -108*k**2 + 18252*k - 88. Calculate s(169).
-88
Let n(l) = -14795*l + 976463. Give n(66).
-7
Let l(y) = y**3 - 40*y**2 + 118*y - 1583. What is l(38)?
13
Let c(d) = -9742*d + 97590. Give c(10).
170
Let n(k) = 14*k**2 - 362*k - 2. Give n(26).
50
Let c(o) = -3*o**3 + 3*o**2 - 180*o + 1660. Give c(9).
-1904
Let x(j) = -j**2 + 82*j - 1621. Calculate x(72).
-901
Let n(p) = -5*p**2 - 1273*p - 8419. Determine n(-248).
-235
Let b(l) = 62497*l + 7249650. What is b(-116)?
-2
Let o(b) = -3*b**3 + 20*b**2 + 77*b - 535. Determine o(11).
-1261
Let j(l) = -l**3 + 368*l**2 + 8637*l + 1259. Calculate j(-22).
5
Let z(p) = -52*p**3 - 265*p**2 - 38*p - 23. Give z(-7).
5094
Let u(x) = -4650*x - 372005. Calculate u(-80).
-5
Let u(x) = -248998*x + 1992003. Give u(8).
19
Let j(l) = 374*l**2 - 1279*l - 36. What is j(5)?
2919
Let s(x) = 410*x + 3737. What is s(-6)?
1277
Let l(a) = 1422*a - 2708. Give l(2).
136
Let y(s) = 38*s - 522. Give y(-13).
-1016
Let d(y) = -68*y - 2860. Give d(-17).
-1704
Let n(k) = -15*k**3 + 25*k**2 + 55*k - 241. Calculate n(6).
-2251
Let k(i) = 1079*i - 73000. What is k(69)?
1451
Let v(t) = -13*t**3 + 71*t**2 + t + 46. Give v(5).
201
Let t(l) = -166054*l - 663919. Calculate t(-4).
297
Let q(r) = -4*r**3 - 722*r**2 + 65*r - 53741. What is q(-181)?
16
Let i(d) = 29*d**2 - 382*d - 43. Give i(13).
-108
Let k(x) = 44*x**2 + 262*x - 929. Determine k(3).
253
Let r(d) = d**3 - 538*d**2 - 4344*d + 181. Calculate r(-8).
-11
Let t(w) = -w**2 + 4351*w - 17376. Determine t(4).
12
Let o(q) = -2*q**2 + 918*q + 6587. What is o(-7)?
63
Let d(t) = 113*t**2 + 3*t + 10. What is d(1)?
126
Let o(k) = 2*k**3 + k**2 - 14*k - 61. Determine o(-7).
-600
Let a(k) = -13*k**3 - 124*k**2 - 181*k - 700. Calculate a(-9).
362
Let k(a) = -23*a**2 - 37*a - 112. Determine k(-3).
-208
Let v(n) = 28697*n - 1607048. What is v(56)?
-16
Let j(g) = 4*g**2 + 586*g - 585. Determine j(1).
5
Let v(o) = -4*o**3 + 2055*o**2 - 1521*o - 9228. Calculate v(513).
6
Let k(o) = -13*o**2 - 55*o + 473. Calculate k(-11).
-495
Let t(k) = -424*k**3 + 1276*k**2 + 476*k - 1406. Determine t(3).
58
Let d(g) = -16*g**3 - 65*g**2 + 236*g - 5. Give d(4).
-1125
Let p(j) = -j**3 + 44*j**2 - 46*j + 94. Determine p(43).
-35
Let y(w) = -w**2 + 33054*w + 297571. Calculate y(-9).
4
Let k(b) = -2*b**3 - 36*b**2 + 11*b + 236. Calculate k(-17).
-529
Let x(u) = 359*u - 6188. Give x(17).
-85
Let x(j) = 43*j - 8800. What is x(204)?
-28
Let b(k)